{"id":185,"date":"2022-04-01T10:07:58","date_gmt":"2022-04-01T10:07:58","guid":{"rendered":"https:\/\/orthopaedie-starnberg.com\/?page_id=185"},"modified":"2024-03-21T19:16:20","modified_gmt":"2024-03-21T19:16:20","slug":"philosophie","status":"publish","type":"page","link":"https:\/\/orthopaedie-starnberg.com\/?page_id=185","title":{"rendered":"Philosophie"},"content":{"rendered":"\t\t<div data-elementor-type=\"wp-page\" data-elementor-id=\"185\" class=\"elementor elementor-185\">\n\t\t\t\t\t\t\t\t\t<section class=\"elementor-section elementor-top-section elementor-element elementor-element-4b07cb6 elementor-section-full_width elementor-section-height-min-height elementor-section-items-stretch elementor-section-content-middle elementor-reverse-mobile elementor-reverse-tablet elementor-section-height-default\" data-id=\"4b07cb6\" data-element_type=\"section\">\n\t\t\t\t\t\t<div class=\"elementor-container elementor-column-gap-no\">\n\t\t\t\t\t<div class=\"elementor-column elementor-col-50 elementor-top-column elementor-element elementor-element-32cf2aa\" data-id=\"32cf2aa\" data-element_type=\"column\">\n\t\t\t<div class=\"elementor-widget-wrap elementor-element-populated\">\n\t\t\t\t\t\t\t\t<div class=\"elementor-element elementor-element-8fc2f7d animated-fast elementor-invisible elementor-widget elementor-widget-heading\" data-id=\"8fc2f7d\" data-element_type=\"widget\" data-settings=\"{&quot;_animation&quot;:&quot;fadeIn&quot;}\" data-widget_type=\"heading.default\">\n\t\t\t\t<div class=\"elementor-widget-container\">\n\t\t\t<style>\/*! elementor - v3.6.7 - 03-07-2022 *\/\n.elementor-heading-title{padding:0;margin:0;line-height:1}.elementor-widget-heading .elementor-heading-title[class*=elementor-size-]>a{color:inherit;font-size:inherit;line-height:inherit}.elementor-widget-heading .elementor-heading-title.elementor-size-small{font-size:15px}.elementor-widget-heading .elementor-heading-title.elementor-size-medium{font-size:19px}.elementor-widget-heading .elementor-heading-title.elementor-size-large{font-size:29px}.elementor-widget-heading .elementor-heading-title.elementor-size-xl{font-size:39px}.elementor-widget-heading .elementor-heading-title.elementor-size-xxl{font-size:59px}<\/style><h1 class=\"elementor-heading-title elementor-size-default\">Philosophie<\/h1>\t\t<\/div>\n\t\t\t\t<\/div>\n\t\t\t\t<div class=\"elementor-element elementor-element-26a3d2d elementor-widget elementor-widget-heading\" data-id=\"26a3d2d\" data-element_type=\"widget\" data-widget_type=\"heading.default\">\n\t\t\t\t<div class=\"elementor-widget-container\">\n\t\t\t<h3 class=\"elementor-heading-title elementor-size-default\">Akupunktur, Chirotherapie und Orthomolekulare Medizin<\/h3>\t\t<\/div>\n\t\t\t\t<\/div>\n\t\t\t\t<div class=\"elementor-element elementor-element-88cc2d9 elementor-invisible elementor-widget elementor-widget-text-editor\" data-id=\"88cc2d9\" data-element_type=\"widget\" data-settings=\"{&quot;_animation&quot;:&quot;fadeIn&quot;}\" data-widget_type=\"text-editor.default\">\n\t\t\t\t<div class=\"elementor-widget-container\">\n\t\t\t<style>\/*! elementor - v3.6.7 - 03-07-2022 *\/\n.elementor-widget-text-editor.elementor-drop-cap-view-stacked .elementor-drop-cap{background-color:#818a91;color:#fff}.elementor-widget-text-editor.elementor-drop-cap-view-framed .elementor-drop-cap{color:#818a91;border:3px solid;background-color:transparent}.elementor-widget-text-editor:not(.elementor-drop-cap-view-default) .elementor-drop-cap{margin-top:8px}.elementor-widget-text-editor:not(.elementor-drop-cap-view-default) .elementor-drop-cap-letter{width:1em;height:1em}.elementor-widget-text-editor .elementor-drop-cap{float:left;text-align:center;line-height:1;font-size:50px}.elementor-widget-text-editor .elementor-drop-cap-letter{display:inline-block}<\/style>\t\t\t\t<p>Der Begriff Orthop\u00e4die stammt aus dem Griechischen und bedeutet &#8222;richtig erziehen&#8220;. Erstmalige Erw\u00e4hnung in der Geschichte findet die Orthop\u00e4die als medizinisches Fachgebiet im Zusammenhang mit dem franz\u00f6sischen Kinderarzt Nicolas Andry (1658-1742), der zu Beginn des Zeitalters der Aufkl\u00e4rung daf\u00fcr warb, Kinder m\u00f6glichst frei und in einem nat\u00fcrlichen Umfeld ohne die sch\u00e4dlichen Einfl\u00fcsse der Zivilisation aufwachsen zu lassen. In den nachfolgenden zweieinhalb Jahrhunderten bem\u00fchen sich Orthop\u00e4den nicht nur darum, die sch\u00e4dlichen Einfl\u00fcsse der Zivilisation von ihren Patienten abzuwehren, sondern auch mit allen M\u00f6glichkeiten der modernen Medizin, die Natur bei Heilungs- und Genesungsprozessen von Erkrankungen des menschlichen Bewegungsapparates zu unterst\u00fctzen. Die hierbei \u00fcber Jahrzehnte und Jahrhunderte erworbenen Erfahrungen in der physikalischen Medizin mit einer Vielzahl von Behandlungstechniken und- verfahren , der Pharmakologie mit ihrer Schmerztherapie, Antibiotikabehandlung, Thrombosevorbeugung und der M\u00f6glichkeit viele andere internistische Begleiterkrankungen zu behandeln sowie insbesondere die Gelenkchirurgie mit der M\u00f6glichkeit, vor allem schwere Arthrosen der H\u00fcftgelenke zu heilen sind dem Orthop\u00e4den eine gro\u00dfe Hilfe bei seinen Bem\u00fchungen, Menschen bei der Bew\u00e4ltigung von gesundheitlichen Problemen des Bewegungsapparates beizustehen.<\/p><p>\u00a0<\/p>\t\t\t\t\t\t<\/div>\n\t\t\t\t<\/div>\n\t\t\t\t\t<\/div>\n\t\t<\/div>\n\t\t\t\t<div class=\"elementor-column elementor-col-50 elementor-top-column elementor-element elementor-element-5615f41\" data-id=\"5615f41\" data-element_type=\"column\" data-settings=\"{&quot;background_background&quot;:&quot;classic&quot;}\">\n\t\t\t<div class=\"elementor-widget-wrap elementor-element-populated\">\n\t\t\t\t\t\t\t\t<div class=\"elementor-element elementor-element-3365810 elementor-widget elementor-widget-spacer\" data-id=\"3365810\" data-element_type=\"widget\" data-widget_type=\"spacer.default\">\n\t\t\t\t<div class=\"elementor-widget-container\">\n\t\t\t<style>\/*! elementor - v3.6.7 - 03-07-2022 *\/\n.e-container.e-container--row .elementor-spacer-inner{width:var(--spacer-size)}.e-container.e-container--column .elementor-spacer-inner,.elementor-column .elementor-spacer-inner{height:var(--spacer-size)}<\/style>\t\t<div class=\"elementor-spacer\">\n\t\t\t<div class=\"elementor-spacer-inner\"><\/div>\n\t\t<\/div>\n\t\t\t\t<\/div>\n\t\t\t\t<\/div>\n\t\t\t\t\t<\/div>\n\t\t<\/div>\n\t\t\t\t\t\t\t<\/div>\n\t\t<\/section>\n\t\t\t\t<section class=\"elementor-section elementor-top-section elementor-element elementor-element-83d5273 elementor-section-full_width elementor-section-content-top elementor-section-height-default elementor-section-height-default\" data-id=\"83d5273\" data-element_type=\"section\">\n\t\t\t\t\t\t<div class=\"elementor-container elementor-column-gap-no\">\n\t\t\t\t\t<div class=\"elementor-column elementor-col-50 elementor-top-column elementor-element elementor-element-3658f3b elementor-invisible\" data-id=\"3658f3b\" data-element_type=\"column\" data-settings=\"{&quot;background_background&quot;:&quot;classic&quot;,&quot;animation&quot;:&quot;fadeIn&quot;,&quot;animation_mobile&quot;:&quot;none&quot;,&quot;animation_delay&quot;:&quot;200&quot;}\">\n\t\t\t<div class=\"elementor-widget-wrap elementor-element-populated\">\n\t\t\t\t\t\t\t\t<div class=\"elementor-element elementor-element-305dbe5 elementor-widget elementor-widget-heading\" data-id=\"305dbe5\" data-element_type=\"widget\" data-widget_type=\"heading.default\">\n\t\t\t\t<div class=\"elementor-widget-container\">\n\t\t\t<h3 class=\"elementor-heading-title elementor-size-default\">Wer heilt, hat recht!<\/h3>\t\t<\/div>\n\t\t\t\t<\/div>\n\t\t\t\t<div class=\"elementor-element elementor-element-ba734be elementor-invisible elementor-widget elementor-widget-text-editor\" data-id=\"ba734be\" data-element_type=\"widget\" data-settings=\"{&quot;_animation&quot;:&quot;fadeIn&quot;}\" data-widget_type=\"text-editor.default\">\n\t\t\t\t<div class=\"elementor-widget-container\">\n\t\t\t\t\t\t\t<p>In vielen F\u00e4llen helfen einfache Mittel, mit denen Patient und Arzt eine Beschwerdebesserung oder Heilung erreichen k\u00f6nnen. Hierf\u00fcr wurden in die klassische Medizin auch moderne, ganzheitliche Konzepte mit zum Teil alternativmedizinischen und fern\u00f6stlichen Heilmethoden integriert. Die altbew\u00e4hrten und in unserem Kulturkreis etablierten \u00e4rztlichen Erfahrungen und Methoden k\u00f6nnen sich durch die Auseinandersetzung mit und gegebenenfalls Integration von zum Teil noch \u00e4lteren und noch weiter verbreiteten Verfahren nur beweisen und verbessern. Hierf\u00fcr bieten wir in unserer orthop\u00e4dischen Praxis in Starnberg neben der konventionellen orthop\u00e4dischen Diagnostik und Therapie mit individueller Knieprothesen-Versorgung auch Akupunktur, Orthomolekulare Medizin sowie Chirotherapie an.<\/p>\t\t\t\t\t\t<\/div>\n\t\t\t\t<\/div>\n\t\t\t\t<div class=\"elementor-element elementor-element-f6c72cc elementor-widget elementor-widget-heading\" data-id=\"f6c72cc\" data-element_type=\"widget\" data-widget_type=\"heading.default\">\n\t\t\t\t<div class=\"elementor-widget-container\">\n\t\t\t<h3 class=\"elementor-heading-title elementor-size-default\">Mit den F\u00fc\u00dfen auf dem Boden bleiben!<\/h3>\t\t<\/div>\n\t\t\t\t<\/div>\n\t\t\t\t<div class=\"elementor-element elementor-element-cf9d719 elementor-invisible elementor-widget elementor-widget-text-editor\" data-id=\"cf9d719\" data-element_type=\"widget\" data-settings=\"{&quot;_animation&quot;:&quot;fadeIn&quot;}\" data-widget_type=\"text-editor.default\">\n\t\t\t\t<div class=\"elementor-widget-container\">\n\t\t\t\t\t\t\tBei aller Begeisterung f\u00fcr fortschrittliche technische und allternative Verfahren muss jedoch immer eines klar sein: im Mittelpunkt steht der Mensch, dem in seiner aktuellen, individuellen Situation geholfen werden muss.\t\t\t\t\t\t<\/div>\n\t\t\t\t<\/div>\n\t\t\t\t<div class=\"elementor-element elementor-element-35e66ec elementor-widget elementor-widget-heading\" data-id=\"35e66ec\" data-element_type=\"widget\" data-widget_type=\"heading.default\">\n\t\t\t\t<div class=\"elementor-widget-container\">\n\t\t\t<h3 class=\"elementor-heading-title elementor-size-default\">gemeinsam sind wir stark!<\/h3>\t\t<\/div>\n\t\t\t\t<\/div>\n\t\t\t\t<div class=\"elementor-element elementor-element-2b660e0 elementor-invisible elementor-widget elementor-widget-text-editor\" data-id=\"2b660e0\" data-element_type=\"widget\" data-settings=\"{&quot;_animation&quot;:&quot;fadeIn&quot;}\" data-widget_type=\"text-editor.default\">\n\t\t\t\t<div class=\"elementor-widget-container\">\n\t\t\t\t\t\t\t<p>Im Raum M\u00fcnchen haben wir die M\u00f6glichkeit, wie kaum woanders auf der Welt, aufgrund der hohen Arztdichte und einer exzellenten Infrastruktur eine erstklassige medizinische Versorgung sicherzustellen. Keiner kann alles, aber jeder kann eine Sache besonders gut. Wenn wir uns darum bem\u00fchen, gesundheitliche Probleme, Partienten zu behandeln, ist es f\u00fcr uns \u00e4rzte wichtig, unsere eigenen F\u00e4higkeiten und M\u00f6glichkeiten, ebenso wie die F\u00e4higkeiten und M\u00f6glichkeiten unserer Kollegen zu kennen.<\/p>\n<p>Aus diesem Grund lege ich als Orthop\u00e4de in Starnberg gro\u00dfen Wert auf gute Zusammenarbeit mit den \u00f6rtlichen Kollegen und bin dankbar, wenn ich meine Patienten in speziellen F\u00e4llen an einen Kooperationspartner weiterleiten kann, von dem ich wei\u00df, dass bei ihm eine optimale Versorgung sichergestellt ist.<\/p>\t\t\t\t\t\t<\/div>\n\t\t\t\t<\/div>\n\t\t\t\t\t<\/div>\n\t\t<\/div>\n\t\t\t\t<div class=\"elementor-column elementor-col-50 elementor-top-column elementor-element elementor-element-b84562a elementor-invisible\" data-id=\"b84562a\" data-element_type=\"column\" data-settings=\"{&quot;background_background&quot;:&quot;classic&quot;,&quot;animation&quot;:&quot;fadeIn&quot;,&quot;animation_mobile&quot;:&quot;none&quot;}\">\n\t\t\t<div class=\"elementor-widget-wrap\">\n\t\t\t\t\t\t\t\t\t<\/div>\n\t\t<\/div>\n\t\t\t\t\t\t\t<\/div>\n\t\t<\/section>\n\t\t\t\t\t\t\t<\/div>\n\t\t","protected":false},"excerpt":{"rendered":"<p>Philosophie Akupunktur, Chirotherapie und Orthomolekulare Medizin Der Begriff Orthop\u00e4die stammt aus dem Griechischen und bedeutet &#8222;richtig erziehen&#8220;. Erstmalige Erw\u00e4hnung in der Geschichte findet die Orthop\u00e4die als medizinisches Fachgebiet im Zusammenhang mit dem franz\u00f6sischen Kinderarzt Nicolas Andry (1658-1742), der zu Beginn des Zeitalters der Aufkl\u00e4rung daf\u00fcr warb, Kinder m\u00f6glichst frei und in einem nat\u00fcrlichen Umfeld ohne [&hellip;]<\/p>\n","protected":false},"author":2,"featured_media":0,"parent":0,"menu_order":0,"comment_status":"closed","ping_status":"closed","template":"","meta":{"footnotes":""},"class_list":["post-185","page","type-page","status-publish","hentry"],"yoast_head":"<!-- This site is optimized with the Yoast SEO plugin v19.3 - https:\/\/yoast.com\/wordpress\/plugins\/seo\/ -->\n<title>Philosophie - Dr. med. Luis Schuster<\/title>\n<meta name=\"robots\" content=\"index, follow, max-snippet:-1, max-image-preview:large, max-video-preview:-1\" \/>\n<link rel=\"canonical\" href=\"https:\/\/orthopaedie-starnberg.com\/?page_id=185\" \/>\n<meta property=\"og:locale\" content=\"de_DE\" \/>\n<meta property=\"og:type\" content=\"article\" \/>\n<meta property=\"og:title\" content=\"Philosophie - Dr. med. Luis Schuster\" \/>\n<meta property=\"og:description\" content=\"Philosophie Akupunktur, Chirotherapie und Orthomolekulare Medizin Der Begriff Orthop\u00e4die stammt aus dem Griechischen und bedeutet &#8222;richtig erziehen&#8220;. Erstmalige Erw\u00e4hnung in der Geschichte findet die Orthop\u00e4die als medizinisches Fachgebiet im Zusammenhang mit dem franz\u00f6sischen Kinderarzt Nicolas Andry (1658-1742), der zu Beginn des Zeitalters der Aufkl\u00e4rung daf\u00fcr warb, Kinder m\u00f6glichst frei und in einem nat\u00fcrlichen Umfeld ohne [&hellip;]\" \/>\n<meta property=\"og:url\" content=\"https:\/\/orthopaedie-starnberg.com\/?page_id=185\" \/>\n<meta property=\"og:site_name\" content=\"Dr. med. Luis Schuster\" \/>\n<meta property=\"article:modified_time\" content=\"2024-03-21T19:16:20+00:00\" \/>\n<meta name=\"twitter:card\" content=\"summary_large_image\" \/>\n<meta name=\"twitter:label1\" content=\"Gesch\u00e4tzte Lesezeit\" \/>\n\t<meta name=\"twitter:data1\" content=\"3\u00a0Minuten\" \/>\n<script type=\"application\/ld+json\" class=\"yoast-schema-graph\">{\"@context\":\"https:\/\/schema.org\",\"@graph\":[{\"@type\":\"Organization\",\"@id\":\"https:\/\/orthopaedie-starnberg.com\/#organization\",\"name\":\"Orthopaedie Starnberg\",\"url\":\"https:\/\/orthopaedie-starnberg.com\/\",\"sameAs\":[],\"logo\":{\"@type\":\"ImageObject\",\"inLanguage\":\"de\",\"@id\":\"https:\/\/orthopaedie-starnberg.com\/#\/schema\/logo\/image\/\",\"url\":\"https:\/\/orthopaedie-starnberg.com\/wp-content\/uploads\/2022\/04\/dr.schuster-orthopaedie-logo-1.png\",\"contentUrl\":\"https:\/\/orthopaedie-starnberg.com\/wp-content\/uploads\/2022\/04\/dr.schuster-orthopaedie-logo-1.png\",\"width\":1776,\"height\":125,\"caption\":\"Orthopaedie Starnberg\"},\"image\":{\"@id\":\"https:\/\/orthopaedie-starnberg.com\/#\/schema\/logo\/image\/\"}},{\"@type\":\"WebSite\",\"@id\":\"https:\/\/orthopaedie-starnberg.com\/#website\",\"url\":\"https:\/\/orthopaedie-starnberg.com\/\",\"name\":\"Dr. med. Luis Schuster\",\"description\":\"Orthopaedie Starnberg\",\"publisher\":{\"@id\":\"https:\/\/orthopaedie-starnberg.com\/#organization\"},\"potentialAction\":[{\"@type\":\"SearchAction\",\"target\":{\"@type\":\"EntryPoint\",\"urlTemplate\":\"https:\/\/orthopaedie-starnberg.com\/?s={search_term_string}\"},\"query-input\":\"required name=search_term_string\"}],\"inLanguage\":\"de\"},{\"@type\":\"WebPage\",\"@id\":\"https:\/\/orthopaedie-starnberg.com\/?page_id=185\",\"url\":\"https:\/\/orthopaedie-starnberg.com\/?page_id=185\",\"name\":\"Philosophie - Dr. med. Luis Schuster\",\"isPartOf\":{\"@id\":\"https:\/\/orthopaedie-starnberg.com\/#website\"},\"datePublished\":\"2022-04-01T10:07:58+00:00\",\"dateModified\":\"2024-03-21T19:16:20+00:00\",\"breadcrumb\":{\"@id\":\"https:\/\/orthopaedie-starnberg.com\/?page_id=185#breadcrumb\"},\"inLanguage\":\"de\",\"potentialAction\":[{\"@type\":\"ReadAction\",\"target\":[\"https:\/\/orthopaedie-starnberg.com\/?page_id=185\"]}]},{\"@type\":\"BreadcrumbList\",\"@id\":\"https:\/\/orthopaedie-starnberg.com\/?page_id=185#breadcrumb\",\"itemListElement\":[{\"@type\":\"ListItem\",\"position\":1,\"name\":\"Startseite\",\"item\":\"https:\/\/orthopaedie-starnberg.com\/\"},{\"@type\":\"ListItem\",\"position\":2,\"name\":\"Philosophie\"}]}]}<\/script>\n<!-- \/ Yoast SEO plugin. -->","yoast_head_json":{"title":"Philosophie - Dr. med. Luis Schuster","robots":{"index":"index","follow":"follow","max-snippet":"max-snippet:-1","max-image-preview":"max-image-preview:large","max-video-preview":"max-video-preview:-1"},"canonical":"https:\/\/orthopaedie-starnberg.com\/?page_id=185","og_locale":"de_DE","og_type":"article","og_title":"Philosophie - Dr. med. Luis Schuster","og_description":"Philosophie Akupunktur, Chirotherapie und Orthomolekulare Medizin Der Begriff Orthop\u00e4die stammt aus dem Griechischen und bedeutet &#8222;richtig erziehen&#8220;. Erstmalige Erw\u00e4hnung in der Geschichte findet die Orthop\u00e4die als medizinisches Fachgebiet im Zusammenhang mit dem franz\u00f6sischen Kinderarzt Nicolas Andry (1658-1742), der zu Beginn des Zeitalters der Aufkl\u00e4rung daf\u00fcr warb, Kinder m\u00f6glichst frei und in einem nat\u00fcrlichen Umfeld ohne [&hellip;]","og_url":"https:\/\/orthopaedie-starnberg.com\/?page_id=185","og_site_name":"Dr. med. Luis Schuster","article_modified_time":"2024-03-21T19:16:20+00:00","twitter_card":"summary_large_image","twitter_misc":{"Gesch\u00e4tzte Lesezeit":"3\u00a0Minuten"},"schema":{"@context":"https:\/\/schema.org","@graph":[{"@type":"Organization","@id":"https:\/\/orthopaedie-starnberg.com\/#organization","name":"Orthopaedie Starnberg","url":"https:\/\/orthopaedie-starnberg.com\/","sameAs":[],"logo":{"@type":"ImageObject","inLanguage":"de","@id":"https:\/\/orthopaedie-starnberg.com\/#\/schema\/logo\/image\/","url":"https:\/\/orthopaedie-starnberg.com\/wp-content\/uploads\/2022\/04\/dr.schuster-orthopaedie-logo-1.png","contentUrl":"https:\/\/orthopaedie-starnberg.com\/wp-content\/uploads\/2022\/04\/dr.schuster-orthopaedie-logo-1.png","width":1776,"height":125,"caption":"Orthopaedie Starnberg"},"image":{"@id":"https:\/\/orthopaedie-starnberg.com\/#\/schema\/logo\/image\/"}},{"@type":"WebSite","@id":"https:\/\/orthopaedie-starnberg.com\/#website","url":"https:\/\/orthopaedie-starnberg.com\/","name":"Dr. med. Luis Schuster","description":"Orthopaedie Starnberg","publisher":{"@id":"https:\/\/orthopaedie-starnberg.com\/#organization"},"potentialAction":[{"@type":"SearchAction","target":{"@type":"EntryPoint","urlTemplate":"https:\/\/orthopaedie-starnberg.com\/?s={search_term_string}"},"query-input":"required name=search_term_string"}],"inLanguage":"de"},{"@type":"WebPage","@id":"https:\/\/orthopaedie-starnberg.com\/?page_id=185","url":"https:\/\/orthopaedie-starnberg.com\/?page_id=185","name":"Philosophie - Dr. med. Luis Schuster","isPartOf":{"@id":"https:\/\/orthopaedie-starnberg.com\/#website"},"datePublished":"2022-04-01T10:07:58+00:00","dateModified":"2024-03-21T19:16:20+00:00","breadcrumb":{"@id":"https:\/\/orthopaedie-starnberg.com\/?page_id=185#breadcrumb"},"inLanguage":"de","potentialAction":[{"@type":"ReadAction","target":["https:\/\/orthopaedie-starnberg.com\/?page_id=185"]}]},{"@type":"BreadcrumbList","@id":"https:\/\/orthopaedie-starnberg.com\/?page_id=185#breadcrumb","itemListElement":[{"@type":"ListItem","position":1,"name":"Startseite","item":"https:\/\/orthopaedie-starnberg.com\/"},{"@type":"ListItem","position":2,"name":"Philosophie"}]}]}},"_links":{"self":[{"href":"https:\/\/orthopaedie-starnberg.com\/index.php?rest_route=\/wp\/v2\/pages\/185","targetHints":{"allow":["GET"]}}],"collection":[{"href":"https:\/\/orthopaedie-starnberg.com\/index.php?rest_route=\/wp\/v2\/pages"}],"about":[{"href":"https:\/\/orthopaedie-starnberg.com\/index.php?rest_route=\/wp\/v2\/types\/page"}],"author":[{"embeddable":true,"href":"https:\/\/orthopaedie-starnberg.com\/index.php?rest_route=\/wp\/v2\/users\/2"}],"replies":[{"embeddable":true,"href":"https:\/\/orthopaedie-starnberg.com\/index.php?rest_route=%2Fwp%2Fv2%2Fcomments&post=185"}],"version-history":[{"count":4,"href":"https:\/\/orthopaedie-starnberg.com\/index.php?rest_route=\/wp\/v2\/pages\/185\/revisions"}],"predecessor-version":[{"id":1513,"href":"https:\/\/orthopaedie-starnberg.com\/index.php?rest_route=\/wp\/v2\/pages\/185\/revisions\/1513"}],"wp:attachment":[{"href":"https:\/\/orthopaedie-starnberg.com\/index.php?rest_route=%2Fwp%2Fv2%2Fmedia&parent=185"}],"curies":[{"name":"wp","href":"https:\/\/api.w.org\/{rel}","templated":true}]}}